h - 6*t = -20. Suppose 5*l - 3*m = 76, -h*m - 13 + 19 = 0. What is the remainder when 60 is divided by l?
9
Suppose 2*v + 25*j = 19*j - 18, -2*v + 3*j = -36. Calculate the remainder when 15542 is divided by v.
8
Let n(s) = 5*s - 53. Let c = -6 + 59. Let z = -27 + c. What is the remainder when z is divided by n(12)?
5
Suppose 11*r + 284 = 317. Suppose 0 = 4*z - 4*t - 156, t + 78 = 4*z - 81. What is the remainder when z is divided by r?
1
Suppose 80*y - 83*y = 27. Suppose 5*a = -4*h + 463 + 34, 447 = 4*h - 5*a. What is the remainder when h is divided by (-12)/y*((-35)/(-1) - 5)?
38
Calculate the remainder when ((-1778)/(-4))/(5 + 23/(-6) - 1) is divided by 15.
12
Suppose 27*y - 3*c = 28*y - 452, -5*y = -3*c - 2296. What is the remainder when y is divided by 458?
0
Let f = -17 + 42. Let s = f - 13. Calculate the remainder when 69 is divided by s/((-1 + (-12)/(-8))*2).
9
Suppose 14*y - 148 = -64. Suppose -y*s = -28*s + 990. What is the remainder when s is divided by 6?
3
Let x(q) = -q**3 - 9*q**2 + 5*q + 39. Let s be x(-6). Let p = s + 158. What is the remainder when p is divided by 32?
27
Let t = -50 + 54. Suppose 3*f + r = 3595, 4*r - 1180 = 3*f - t*f. Suppose 12*y + 372 - f = 0. Calculate the remainder when y is divided by 10.
9
What is the remainder when ((-1183)/(-13))/(-7) - -239 is divided by 72?
10
Suppose -2*b = 3*l - 3, l + 11 = 3*b - 10. Suppose 3*m = -b*m + 1404. Let g = 46 + 7. Calculate the remainder when m is divided by g.
50
Let o(r) = -7*r - 35. Let p be o(-28). Suppose -5*w + 137 = -2*g, -4*g + p = -3*w + 8*w. What is the remainder when w is divided by 16?
13
Let r = -464 - -466. Suppose -65 = -3*j + 4*d + 24, 31 = j - r*d. What is the remainder when j is divided by 11?
5
Let x be (-18)/30 - 136/(-10). Let a = -6 + x. Suppose 4*p + 3*d - 115 = 0, 8*p - 2*d - 15 = 7*p. What is the remainder when p is divided by a?
4
Suppose 0 = 5*p + 15*p - 27228 + 3728. Calculate the remainder when p is divided by 4.
3
Let x = -181 - 499. Let c = 686 + x. Calculate the remainder when 177 is divided by c.
3
Let a = 33 + -20. Suppose 0 = 21*n - a*n - 456. Calculate the remainder when 224 is divided by n.
53
Suppose -36*g - 5405 = -83*g. Calculate the remainder when g is divided by 21.
10
Suppose -5*v + 64 - 84 = -l, 0 = -3*l + 5*v + 60. Calculate the remainder when 252 is divided by l.
12
Let r(m) = 2*m**3 + m**2 - 2*m + 1. Let k be r(-3). Let q = -23 - k. What is the remainder when 79 is divided by q*2 + (10 - 12)?
23
Suppose 12*d - 99*d = -119277. What is the remainder when d is divided by 7?
6
Let p = 405 + -72. Suppose 207 = -7*o + p. What is the remainder when o is divided by 2/5 - 48/(-5)?
8
Let c = -123840 - -123943. Let r(y) = -5*y**3 - 2*y**2 - 2. What is the remainder when c is divided by r(-2)?
13
Let q = 2912 - 2808. Let f = -2 + 4. Suppose 170 = 3*g + 2*t, 2*g + 2*t - 124 = -f*t. What is the remainder when q is divided by g?
50
Suppose -3*p = 5*z - 95, 2*p - 2*z = -p + 67. Calculate the remainder when 2346 is divided by p.
21
Suppose 22*o = 20*o - 3*v + 157, 5*o + 2*v - 365 = 0. What is the remainder when 148 is divided by o?
6
Let f(d) = 10*d - 6. Suppose -9*k = 6*k. Suppose k = -3*a + j + 523, -j = -a + 45 + 130. Calculate the remainder when a is divided by f(5).
42
Suppose 4*y = 791 + 397. Suppose -31 = 19*t - y. Calculate the remainder when 137 is divided by t.
11
Let p(d) = d**2 + 5*d - 1297. What is the remainder when 2197 is divided by p(34)?
22
Let q = -19436 - -19654. Calculate the remainder when 269 is divided by q.
51
Suppose 0 = -5*k, x = 4*k + 4 + 9. Suppose 4*h = x*h - 1017. Calculate the remainder when h is divided by (15/((-30)/116))/(-2).
26
Calculate the remainder when 678 is divided by 6 + -6 + 4 - (-29 + -64).
96
Calculate the remainder when 1065/7 + (-36)/(-42) is divided by (26/13)/(((-18)/39)/(-3)).
10
Let m(d) = -232*d + 297. Suppose -w = -3*a - 56, -3*w - 3*a + a + 146 = 0. What is the remainder when m(0) is divided by w?
47
Suppose 3*g = -10*g - 22268 + 61502. What is the remainder when g is divided by 53?
50
Let v = -162 + 171. Suppose 0 = -v*u + 10*u - 22. Calculate the remainder when 127 is divided by u.
17
Suppose -3*s = 3*k - 171, 3*s - 52*k + 47*k = 163. What is the remainder when s is divided by 505/303*(4 - 1)?
1
What is the remainder when 343048/1918 + 45/21 is divided by 112?
69
What is the remainder when (2/3 - 209/57) + 50 is divided by (0/(-5) - -13) + 4?
13
Let y(k) = -21*k**2 - 564*k + 133. What is the remainder when 178 is divided by y(-27)?
22
Suppose 17*u = 14*u + 1770. Let c(b) = 387*b - 3467. What is the remainder when u is divided by c(9)?
14
Let s(l) = -2*l**3 - 6*l**2 - l - 2. Let k = -52 - -116. What is the remainder when k is divided by s(-4)?
30
Let n = -172 - -79. Let z = n + 188. Let s = -80 + z. What is the remainder when s is divided by 5?
0
Let o = 149 - -60. Suppose 0 = -16*i + o + 223. What is the remainder when 215 is divided by i?
26
Suppose 0 = -y + 4*x + 934, -y + 356 = 5*x - 605. Calculate the remainder when y is divided by 49.
15
Let h(z) = z**3 - 28*z**2 - 88*z - 64. What is the remainder when 814 is divided by h(31)?
86
Let a(i) = -45*i**2 + 44*i - 143. Let o be a(4). Let n = o + 706. What is the remainder when 100 is divided by n?
5
Let y(p) = 4*p - 5. Let o be y(6). Suppose o = -0*x + x. Calculate the remainder when -1*3*(-1243)/33*(1 + 0 + 0) is divided by x.
18
Let z = 12 - 8. Let f(n) = -n**2 - 12*n - 10. Suppose 4*v + 3*m + 9 + 19 = 0, -36 = 4*v + m. Calculate the remainder when f(v) is divided by z.
2
Suppose -15714 = -266*f + 132*f + 116*f. What is the remainder when f is divided by 91?
54
Let l(j) = 18 - 4 + 15*j - j**2 + 6. Let q(d) = -21*d + 49. Calculate the remainder when q(2) is divided by l(16).
3
Suppose 4*h + 45 = 73, -4*l = -h - 13. Calculate the remainder when 3258 is divided by l.
3
Suppose -7*j + 342 = -45*j. What is the remainder when ((-2195)/(-10) - j)*2 is divided by 51?
49
Let c = -20 - -24. Let f(k) = c + k - 6*k + 4*k + 5*k. Calculate the remainder when 28 is divided by f(1).
4
Suppose -189 = -4*t - 177. Suppose -t*f = -16*f + 663. Calculate the remainder when f is divided by 11.
7
Let n(d) = d + 6. Let f be n(0). Suppose 3*p + 3*m = 38 + 70, -f = -3*m. What is the remainder when 98 is divided by p?
30
Calculate the remainder when 456042/918 + 4/18 is divided by 39.
29
Let m = -19773 - -19788. Calculate the remainder when 2351 is divided by m.
11
Let r(x) = 172*x + 383. Calculate the remainder when r(8) is divided by 147.
142
Let w(t) = -t**3 + 58*t**2 + 172*t + 675. What is the remainder when 3071 is divided by w(61)?
3
Suppose 100*b - 111*b + 694 + 2815 = 0. Let d = -19 + 36. What is the remainder when b is divided by d?
13
Let o(j) = -j**3 + 3*j**2 - 2*j. Let m be o(3). Let b = -464 + 468. Calculate the remainder when (-4)/m - (-124)/12 is divided by b.
3
Let z = -490 + 347. Let w = z - -179. What is the remainder when 113 is divided by w?
5
Suppose 1 = 27*l - 53. Let i(k) = 31*k - 7. Let v(h) = -31*h + 7. Let r(m) = -4*i(m) - 5*v(m). Calculate the remainder when r(l) is divided by 12.
7
Let f be (8/(-12))/((-4)/138). Suppose -5*k + 3*h - h = -159, -4*h = k - f. Calculate the remainder when 178 is divided by k.
23
Suppose 13*i - 20*i = 0. Suppose -5*f - 166 = -2*a, i = -4*a + f + 4*f + 332. Calculate the remainder when 150 is divided by a.
67
Let l(r) = 32*r - 1. What is the remainder when l(2) is divided by 16*((-1540)/(-320) - 4)?
11
Calculate the remainder when 2401 is divided by ((21/(-126))/(1/2))/(5/(-135)).
7
Let b(u) = -u**3 + 38*u**2 - 34*u - 60. Let m = 0 + 0. Suppose -3*r + 19 = -5*n - 18, m = -r - 5*n - 1. Calculate the remainder when b(37) is divided by r.
6
Let h = -128 + -4. Let o = h - -261. What is the remainder when o is divided by 12?
9
Let b(v) = -2*v**2 - 26*v + 5. Let j be b(-13). Suppose z - 192 = -j*z. Calculate the remainder when 56 is divided by z.
24
Suppose 5*f - 388 = -3*c - 154, 390 = 5*c + 3*f. Let l(p) = p - 3. Let x = -264 - -284. Calculate the remainder when c is divided by l(x).
10
Suppose 0 = -5*v + 5*h + 2155, 0 = 2*v - 5*v - h + 1285. Suppose 66*c + 20306 = -27*c + 22817. Calculate the remainder when v is divided by c.
24
Let q = 318 - 306. Let u(w) = -w**3 + 11*w**2 - 4*w + 5. Let d be u(8). Supp